at is -1 (base 13) in base 3?
-1
-12 (base 13) to base 15
-10
What is -523 (base 6) in base 7?
-366
-5 (base 14) to base 9
-5
Convert -1f (base 16) to base 11.
-29
-1000 (base 2) to base 16
-8
Convert 13 (base 7) to base 12.
a
169 (base 12) to base 6
1013
Convert 2303 (base 4) to base 10.
179
What is -4 (base 8) in base 14?
-4
6 (base 12) to base 7
6
Convert 1101 (base 2) to base 6.
21
What is -98 (base 11) in base 6?
-255
Convert -13 (base 13) to base 6.
-24
Convert 110 (base 2) to base 10.
6
Convert 4 (base 13) to base 4.
10
What is 13 (base 15) in base 9?
20
4 (base 12) to base 13
4
Convert -4 (base 7) to base 5.
-4
45 (base 13) to base 14
41
What is -100 (base 3) in base 16?
-9
11101101 (base 2) to base 7
456
203 (base 5) to base 6
125
-121 (base 3) to base 7
-22
What is -12 (base 15) in base 16?
-11
-454 (base 6) to base 10
-178
18 (base 16) to base 13
1b
1234 (base 6) to base 2
100110110
Convert -1100001 (base 2) to base 7.
-166
-2 (base 8) to base 2
-10
7 (base 11) to base 3
21
What is -242 (base 6) in base 2?
-1100010
What is -32 (base 11) in base 14?
-27
Convert 232 (base 9) to base 16.
bf
What is 15 (base 15) in base 16?
14
Convert -22 (base 9) to base 2.
-10100
-200 (base 9) to base 7
-321
What is 2b (base 13) in base 5?
122
Convert 10 (base 3) to base 10.
3
What is 2032 (base 4) in base 16?
8e
-20100 (base 3) to base 6
-443
-1 (base 4) to base 13
-1
-3 (base 7) to base 5
-3
28 (base 16) to base 8
50
Convert 0 (base 8) to base 15.
0
Convert -10 (base 7) to base 15.
-7
27 (base 14) to base 11
32
-344 (base 5) to base 14
-71
What is -1140 (base 5) in base 4?
-2222
Convert -2 (base 15) to base 7.
-2
Convert 13 (base 9) to base 7.
15
What is -6 (base 15) in base 9?
-6
What is -3 (base 13) in base 7?
-3
Convert 10000 (base 2) to base 9.
17
1 (base 13) to base 3
1
-12 (base 4) to base 11
-6
What is 1010 (base 7) in base 4?
11132
-17 (base 16) to base 10
-23
What is 120 (base 7) in base 9?
70
What is 1242 (base 5) in base 2?
11000101
1143 (base 6) to base 10
279
What is -313 (base 4) in base 5?
-210
What is -96 (base 12) in base 10?
-114
20 (base 3) to base 6
10
What is -123 (base 4) in base 14?
-1d
What is a7 (base 12) in base 3?
11201
21 (base 16) to base 8
41
Convert -52 (base 7) to base 16.
-25
-1001 (base 2) to base 14
-9
What is 4 (base 12) in base 5?
4
What is -11 (base 12) in base 3?
-111
Convert 8a (base 13) to base 2.
1110010
Convert 3 (base 7) to base 11.
3
What is -84 (base 9) in base 7?
-136
Convert 48 (base 9) to base 10.
44
What is 0 (base 12) in base 5?
0
-131 (base 4) to base 13
-23
7 (base 12) to base 3
21
What is 41 (base 6) in base 13?
1c
What is -76 (base 15) in base 4?
-1233
Convert 2 (base 8) to base 15.
2
41 (base 5) to base 12
19
What is -272 (base 10) in base 9?
-332
Convert -111 (base 5) to base 8.
-37
Convert -5 (base 12) to base 9.
-5
Convert -3 (base 7) to base 12.
-3
-4 (base 11) to base 7
-4
-1e (base 15) to base 11
-27
Convert -65 (base 14) to base 4.
-1121
What is 25 (base 6) in base 3?
122
Convert 36 (base 15) to base 6.
123
What is -21 (base 13) in base 6?
-43
What is 29 (base 10) in base 6?
45
What is 32 (base 9) in base 10?
29
Convert 44 (base 10) to base 16.
2c
4a (base 11) to base 8
66
What is 53 (base 7) in base 11?
35
What is -101001100 (base 2) in base 13?
-1c7
What is -2 (base 15) in base 8?
-2
Convert -2 (base 16) to base 4.
-2
What is 253 (base 9) in base 7?
420
0 (base 6) to base 11
0
Convert -16 (base 8) to base 3.
-112
What is -143 (base 10) in base 5?
-1033
3d (base 14) to base 11
50
Convert -31 (base 4) to base 5.
-23
Convert -1 (base 8) to base 5.
-1
Convert -99 (base 11) to base 2.
-1101100
0 (base 2) to base 10
0
Convert -3 (base 16) to base 12.
-3
What is -32 (base 5) in base 15?
-12
51 (base 8) to base 5
131
-100 (base 2) to base 4
-10
1 (base 6) to base 12
1
Convert 2 (base 9) to base 11.
2
2 (base 13) to base 3
2
What is -53 (base 13) in base 9?
-75
-26 (base 7) to base 5
-40
What is -65 (base 7) in base 15?
-32
-46 (base 11) to base 14
-38
What is -11 (base 14) in base 8?
-17
Convert -17 (base 14) to base 9.
-23
4 (base 10) to base 8
4
Convert -3 (base 11) to base 6.
-3
Convert 26 (base 7) to base 3.
202
What is -52 (base 9) in base 4?
-233
101010 (base 2) to base 5
132
Convert 1 (base 11) to base 9.
1
What is 10 (base 6) in base 8?
6
-322 (base 6) to base 11
-101
-3 (base 7) to base 3
-10
What is 4 (base 10) in base 12?
4
What is 0 (base 6) in base 4?
0
Convert -4 (base 6) to base 5.
-4
-7 (base 13) to base 8
-7
Convert d (base 15) to base 13.
10
-24 (base 7) to base 4
-102
Convert -10 (base 2) to base 13.
-2
73 (base 15) to base 10
108
What is -7 (base 15) in base 5?
-12
Convert 20210 (base 3) to base 9.
223
Convert -11100 (base 2) to base 4.
-130
-13 (base 5) to base 9
-8
Convert 1 (base 11) to base 15.
1
What is -111 (base 7) in base 6?
-133
-22 (base 13) to base 15
-1d
Convert -50 (base 10) to base 7.
-101
0 (base 7) to base 11
0
What is 15 (base 14) in base 15?
14
Convert -3a (base 14) to base 5.
-202
What is 522 (base 6) in base 9?
235
What is -103 (base 6) in base 16?
-27
Convert -3 (base 11) to base 10.
-3
What is 2 (base 6) in base 5?
2
What is c (base 15) in base 16?
c
1012 (base 4) to base 6
154
Convert -142 (base 12) to base 3.
-21012
Convert 48 (base 11) to base 8.
64
What is 3 (base 11) in base 7?
3
What is -110 (base 3) in base 2?
-1100
Convert -27 (base 12) to base 10.
-31
Convert 13 (base 13) to base 7.
22
What is -8 (base 12) in base 5?
-13
31 (base 13) to base 16
28
-4 (base 10) to base 14
-4
78 (base 14) to base 10
106
226 (base 9) to base 10
186
Convert -6 (base 15) to base 13.
-6
Convert 132 (base 4) to base 10.
30
175 (base 10) to base 5
1200
What is 33 (base 8) in base 10?
27
Convert -34 (base 5) to base 9.
-21
37 (base 13) to base 9
51
What is 99 (base 12) in base 15?
7c
Convert -212 (base 3) to base 11.
-21
Convert 221 (base 3) to base 14.
1b
Convert -3 (base 4) to base 2.
-11
2 (base 14) to base 13
2
Convert -11100 (base 2) to base 9.
-31
Convert 44 (base 6) to base 2.
11100
17 (base 15) to base 9
24
Convert 233 (base 10) to base 11.
1a2
-1 (base 3) to base 2
-1
What is 23 (base 4) in base 14?
b
What is -100021 (base 3) in base 9?
-307
Convert -4 (base 7) to base 2.
-100
What is -142 (base 5) in base 15?
-32
What is -6 (base 14) in base 8?
-6
What is -4 (base 13) in base 3?
-11
What is -2 (base 8) in base 11?
-2
-20 (base 11) to base 6
-34
What is 0 (base 16) in base 9?
0
What is -21 (base 3) in base 8?
-7
Convert 17 (base 9) to base 3.
121
-1 (base 14) to base 16
-1
Convert 10011 (base 2) to base 12.
17
What is 112 (base 6) in base 11?
40
Convert 3222 (base 4) to base 5.
1414
Convert 2 (base 14) to base 15.
2
14 (base 12) to base 13
13
17 (base 13) to base 14
16
Convert 69 (base 15) to base 16.
63
What is 2 (base 9) in base 4?
2
Convert 2 (base 5) to base 4.
2
1 (base 5) to base 15
1
0 (base 12) to base 11
0
-12 (base 13) to base 3
-120
Convert 10 (base 5) to base 6.
5
-264 (base 11) to base 9
-376
5 (base 13) to base 16
5
What is -35 (base 6) in base 15?
-18
Convert 20 (base 6) to base 16.
c
Convert -8 (base 11) to base 3.
-22
Convert -4 (base 10) to base 12.
-4
What is -2 (base 8) in base 11?
-2
What is 20 (base 4) in base 8?
10
What is -1010 (base 2) in base 13?
-a
Convert 3 (base 14) to base 12.
3
Convert -31 (base 4) to base 12.
-11
What is 11 (base 10) in base 16?
b
Convert 3 (base 7) to base 8.
3
63 (base 16) to base 14
71
Convert 17 (base 15) to base 9.
24
Convert -1 (base 14) to base 6.
-1
What is -15 (base 6) in base 11?
-10
Convert -3 (base 5) to base 10.
-3
1 (base 7) to base 2
1
What is 10 (base 6) in base 10?
6
3 (base 13) to base 14
3
b (base 16) to base 7
14
Convert 220 (base 9) to base 12.
130
78 (base 13) to base 15
69
What is 43 (base 11) in base 10?
47
What is 24 (base 5) in base 4?
32
6 (base 8) to base 7
6
What is 11 (base 4) in base 9?
5
-4 (base 6) to base 4
-10
Convert 2 (base 9) to base 13.
2
Convert 211 (base 3) to base 15.
17
Convert 4 (base 11) to base 13.
4
a (base 14) to base 5
20
-24 (base 5) to base 7
-20
-1101 (base 3) to base 5
-122
102 (base 3) to base 15
b
Convert -92 (base 12) to base 14.
-7c
-10 (base 5) to base 8
-5
Convert 30 (base 13) to base 7.
54
Convert -131 (base 4) to base 15.
-1e
What is -30 (base 4) 